 + 1. What is the units digit of i(h)?
8
Let x = 30 - 19. Let y = -2 + x. What is the units digit of y?
9
Suppose 2*j + s = -4, s - 17 = -0*j + 5*j. Suppose 5*o - 5*r - 22 - 53 = 0, 0 = 3*r - 9. What is the units digit of (-6)/2 + j + o?
2
Suppose z - 3*z - 6 = 0. Let p = z - -5. Suppose 60 = a + p*a. What is the units digit of a?
0
Suppose -3*f - 4 = -c, -2*f - 8 = 2*f - 2*c. Suppose 3*i - 4*o - 54 = f, i + 4*i - 90 = 5*o. What is the units digit of i?
8
Let g = 43 - -14. What is the tens digit of g?
5
Suppose 0 = -2*i + 4*a - 16, i - 2*a + 8 = -2*i. Let u = i + 2. Suppose v = -2*m + 2, 2*v = -3*m - 0*m + u. What is the units digit of m?
2
Let a be ((-30)/12)/((-1)/4). What is the tens digit of (a/(-8))/(4/(-48))?
1
Let b(s) = s + 32. What is the tens digit of b(-6)?
2
Let r be (3/(-1) - 0)*-1. Suppose r*o + 2*s = 19, s + 7 = 3*o + o. Suppose 0 = 2*h - o*l - 30, -2*h - 3*h - 5*l + 75 = 0. What is the units digit of h?
5
Let o = -1 - 3. Let q be ((-8)/6)/(o/6). Suppose 3*w - 4*x = 62, q*w + 1 = 5*x + 54. What is the tens digit of w?
1
Suppose 56 = -2*b - 2*a, 3*b - 5*a = b - 28. Let q be b/(-18)*6/(-1). What is the units digit of q/(-36) - (-43)/9?
5
Let v(m) = m**3 + 5*m**2 + 5. What is the tens digit of v(-3)?
2
Let f(y) = y - 3. Let m be f(2). Let l be (m/(-3))/(2/(-6)). What is the tens digit of 2/((-4)/26*l)?
1
Let j = 5 + -5. Suppose -p + j*p + 2 = 0. What is the units digit of p*3/(6/1)?
1
Let w = 7 - 2. Suppose w*f - 74 = 3*u, -2*f - 3*u - 48 = -5*f. What is the tens digit of f?
1
Let l be ((-54)/12)/((-3)/(-4)). Let f = l - 4. What is the tens digit of 3/(-2)*(0 + f)?
1
Suppose -2*l - 35 = -45. What is the units digit of l?
5
Let h(n) = -n + 2. Let d be h(2). Let l = 51 - 31. Suppose o + 6 - l = d. What is the tens digit of o?
1
Let h(i) = i**3 + 3*i**2 - 4*i - 1. Let a(u) = u**3 + 3*u**2 - 4*u. Let q(s) = 5*a(s) - 4*h(s). What is the units digit of q(-4)?
4
Let p(j) = j**3 - 7*j**2 + 5*j + 6. Let q be p(6). Suppose q = 5*s + 3 - 58. What is the tens digit of s?
1
Let i be (1/(-2))/(4/160). What is the tens digit of 1/((-4 + 2)/i)?
1
Suppose -18 = -4*h - 2*o, -5*h = -5*o + 2*o - 50. Suppose 3*q = h*q - 48. Let b = 27 - q. What is the units digit of b?
5
Let o be 7 - (1 - (-2 - -3)). Suppose 4*g - o = 1. Let u = g - -7. What is the units digit of u?
9
Let j(n) = n**3 - 14*n**2 + 14*n - 7. What is the units digit of j(13)?
6
Let o be 8 - 1 - (-3 + 1). Let j = -10 + o. What is the units digit of 2*(-1 + j + 3)?
2
Let y = 30 + -13. Suppose 0 = -2*k - 5*g + y, 0*g - 3*g = -5*k + 120. What is the units digit of k?
1
Let s(q) = 2*q**3 - 2*q**2 + 2*q + 1. Let a(f) = f + 11. Let o be a(-9). What is the units digit of s(o)?
3
Let v(x) = -x**2 - 5*x - 1. Let p be v(-7). Let r = 25 + p. What is the units digit of r?
0
Let h = -4 + -10. Suppose 7 + 5 = 3*w. What is the tens digit of (-178)/(-14) - w/h?
1
Suppose -2*c = -8, 2*d - 3*c = c + 98. Suppose 3*y = 3*t + 2*t + 88, -2*y + 3*t = -d. What is the units digit of y?
1
Suppose 4*m = 4*g - 72, -28 = -2*g - 3*m + 18. What is the tens digit of g?
2
Let u(g) = g - 2. Let r be u(6). Suppose 3*j + b - 6*b = 39, -j - 3*b = -13. Suppose -r*p = -45 + j. What is the units digit of p?
8
Let o(k) = -k + 11. Let x(m) be the second derivative of m**3/2 - 16*m**2 + m. Let i(f) = 11*o(f) + 4*x(f). What is the units digit of i(8)?
1
Suppose 2*n - 14 = 4*y + 4*n, 2*y + 2*n = -2. Let a be (y/(-15))/((-1)/5). Let l(q) = -8*q - 3. What is the tens digit of l(a)?
1
Suppose 0 = -8*a + 3*a + 10, d = -2*a - 26. Let w be ((-36)/d)/(2/(-10)). What is the units digit of (6 - 3)*(-4)/w?
2
Suppose -4*r + 0 + 4 = 0. What is the units digit of 3 + ((-3)/(-3))/r?
4
Let i(d) = -d**3 + d**2 + d + 4. Let w be i(0). Let m be w/(-6) + (-130)/(-6). What is the units digit of ((-6)/7)/((-3)/m)?
6
Let c = 122 + -84. Let u = 60 - c. What is the units digit of u?
2
Let n = 45 - 26. What is the tens digit of n + (2 - 4) - -2?
1
Suppose -4*l - 4*u + 5*u = -8, 2*l + 5*u - 26 = 0. Let g(c) = 3*c**2 - 2*c + c**3 + l + 4*c + c**2. What is the units digit of g(-3)?
6
Let m(d) = 3*d**2 + 2*d - 8. What is the units digit of m(3)?
5
Suppose 5*u + 10 = 205. Let q = -45 + 17. Let r = q + u. What is the units digit of r?
1
Let l = 29 - 28. What is the units digit of l?
1
What is the hundreds digit of -8*(-7 - 26) - (-1 + 3)?
2
Let r = 5 - 2. Suppose -1 = -4*n + r. What is the units digit of n?
1
Let l be (-2)/6 - 550/(-30). Let m = l + -16. What is the units digit of m?
2
Suppose 0 = -2*m + 11 + 1. Let s(i) = -i**3 - i**2 + i + 10. Let u be s(0). Let h = u - m. What is the units digit of h?
4
Suppose 0*d = 4*d + 24. Let q be 70/(-3) - 2/3. What is the units digit of q/(-15)*(-15)/d?
4
Suppose -2*v = -6*v + 156. What is the tens digit of v?
3
Let j(r) = r**3 + 7*r**2 - r - 8. What is the units digit of j(-6)?
4
Suppose -8*o + 255 = -5*o. What is the tens digit of o?
8
Let u = 1 + 4. Let l(y) = y**3 - 4*y**2 - 3*y - 4. What is the units digit of l(u)?
6
Let a = 7 + 0. Let t(j) = -j**2 + 13*j - 8. What is the tens digit of t(a)?
3
Let k(a) = 2 + 0*a**2 + 8*a + 1 - 9*a**2 + a**3. Let c be k(8). Suppose -5*t + c*t + 8 = 0. What is the units digit of t?
4
Let u(f) = 2*f**3 - 2*f**2 + 2*f - 3. Let g be u(2). Let a(o) = -o**3 + 9*o**2 + o + 1. Let m be a(g). Suppose 5 = 5*z - m. What is the units digit of z?
3
Let t(p) = p**2 - p. Suppose 3*s + 4 = 2*r, -2*s - 21 = -5*r - 0*r. What is the tens digit of t(r)?
2
Let n(f) = f**3 + 2*f - 2*f**3 + 5 + 5*f**2 - 7*f. Let c be n(4). What is the units digit of c/5 + (-68)/(-10)?
7
Let w = -6 + -6. Let t(m) = -2*m + 210. Let a be t(0). What is the tens digit of 8/(-10)*a/w?
1
Let l = 5 + 0. Suppose l*g - 10 = -0*g. What is the units digit of g?
2
Let d = 4 + -12. Let z be 146/8 - (-2)/d. Suppose -5*x + 5*f + z = -2*x, 4*f = -2*x + 12. What is the units digit of x?
6
Let s(t) be the third derivative of -t**4/24 + 5*t**3/6 + 3*t**2. Let x be s(4). Suppose -q + 6 = -x. What is the units digit of q?
7
Suppose -4*j = -g + 5*g - 580, 141 = g + 3*j. What is the units digit of g?
7
Let k = -3 - -19. What is the tens digit of k?
1
Suppose -4*y + 198 = 3*t + 1002, -4 = t. What is the tens digit of y/(-8) + (-6)/8?
2
Let y be (-60)/45*9/(-4). Suppose -i + 0*i - 49 = -3*a, 47 = y*a - 2*i. What is the units digit of a?
7
Suppose -5*p - 52 = -2*f - 2*f, -2*p - 64 = -4*f. What is the tens digit of f?
1
Let p = 11 - 6. Suppose -14 = p*c - 4*j + 7, -3 = -c - j. What is the tens digit of (c + 3)/((-2)/(-10))?
1
Let k = 0 + 0. Suppose k = 3*o - 1 - 11. What is the units digit of o?
4
Let q(y) = -y**2 - 3*y + 2. Let m be q(-5). Let v(d) = -d - 3. Let c be v(m). Suppose 0 = -b + 5*j + 18, -2*b + 22 = -c*j - 4. What is the units digit of b?
8
Let f be ((-11)/2)/(2/(-4)). Suppose 3*w = x + 1, 3*x = 2*w - 0*x + f. What is the units digit of w?
2
Suppose 2*l = 148 - 62. What is the units digit of l?
3
Let y(w) be the first derivative of -w**3/3 - 3*w**2 + 9*w - 2. Let v be y(-7). Suppose -2*r + n + 1 + 4 = 0, 4*n = -v*r + 10. What is the units digit of r?
3
Let g be 405/12 - (-2)/8. Let t = g - 12. Suppose 0 = 5*v + 2*n - t, n = -2*v + 5*v - 11. What is the units digit of v?
4
Let m = 63 + -57. What is the units digit of m?
6
Suppose 3*j + 6 = -12. Let h be 92/6 - 4/j. Suppose 2*a + 22 = 3*t, 0*a - h = -2*t + a. What is the tens digit of t?
1
Let f(h) = -h**2 - 4*h - 1. Let b be f(-3). Let z(n) = 4*n - n**3 + 2*n - 4*n**b + 6 - n. What is the units digit of z(-5)?
6
Let a(g) = -g**2 - 7*g - 4. Let h be a(-6). Suppose 5*c = -2*r + 20, 7 = 2*r + h*c - 7. Let v = r + 10. What is the tens digit of v?
1
Let i = -28 - -92. What is the tens digit of i?
6
What is the tens digit of (15 - 4) + 1 + 1?
1
Let q(k) = 3*k**2 - 7*k + 8. Let p be q(6). Suppose -61 - p = -5*h. What is the units digit of h?
7
Let m = 0 - 6. Let q(k) = -k**3 - 5*k**2 - 5. What is the units digit of q(m)?
1
Let i(k) = -k**3 - k**2 + k + 11. Let r be i(0). Let g = r - 6. What is the units digit of g?
5
Suppose 2*d - 33 = -3*x + 2*x, -5*d + 69 = 2*x. What is the units digit of x?
7
Let c(m) = -2*m - 4. Let y be c(-5). Suppose 5*a = y + 9, -3*a - 3 = -3*r. What is the units digit of r?
4
Let b = -5 + 1. Let g = b + 14. What is the units digit of g?
0
Let q be (-3)/(-1)*1/3. Let 